 = -z*u + 11, 19 = 4*u + 3*g. Calculate the highest common divisor of 28 and u.
7
Let w = 60 + -12. Suppose 0 = 4*o + m - 13, o + 0 = 5*m + 19. Suppose -o*d = -d - w. What is the greatest common factor of d and 80?
16
Let l(p) = -2*p - 5 + 7*p + 0*p + 9*p**2 + p**3 + 4. Let a be l(-8). Calculate the greatest common divisor of a and 161.
23
Suppose 5*d = -3*g - 2*g + 10, d - 5*g - 2 = 0. Suppose d*n - 101 = -23. Suppose 5*r - 33 = 32. What is the greatest common divisor of r and n?
13
Suppose -s + 32 = j - 1, -2*s + j = -57. What is the greatest common factor of s and 330?
30
Let z = -3 + 5. Suppose -v - 2*m = -4, -4*v - 2*m = v - 4. Suppose v = -2*w + 1 + 7. Calculate the highest common factor of w and z.
2
Suppose -4*p - 14 - 10 = -f, -3*f + 8 = 4*p. What is the highest common divisor of 56 and f?
8
Let g = 96 - 41. Let v = 0 + 2. Let u(n) = 2*n**3 - 2*n**2 - n - 1. Let r be u(v). What is the greatest common divisor of r and g?
5
Suppose 0 = -11*v + 20*v - 2142. Calculate the greatest common factor of 17 and v.
17
Let m = -40 + 81. What is the highest common divisor of 41 and m?
41
Let u be 1*-2 + 120 + -1. Calculate the greatest common divisor of u and 13.
13
Suppose u = 24 + 16. Suppose -y + 18 = -58. Suppose -5*n + y = -4. What is the greatest common divisor of u and n?
8
Let b(h) = -28*h + 1. Let n be b(1). Let a = n - -54. Suppose -49 + 70 = 7*p. Calculate the greatest common factor of a and p.
3
Let x = 119 - 202. Let o = x - -139. What is the highest common factor of 7 and o?
7
Suppose 2*w = -1 + 7. Let x = -6 + 8. Suppose -w*l = 3*r - 135, -176 = -x*r - 2*r - 5*l. Calculate the highest common divisor of r and 7.
7
Let x(s) = -s**2 - s. Let b(y) = -y**2 - 4*y + 1. Let i(f) = -b(f) - x(f). Let q be i(-4). Calculate the highest common divisor of 44 and q.
11
Suppose -29 = -y - 21. Calculate the greatest common factor of 80 and y.
8
Suppose 5*r + 2275 = -0*r. Let t be (-2)/(-6) + r/(-21). Calculate the greatest common divisor of t and 154.
22
Let o be 387/6 + 3/2. Suppose -u = u - o. Suppose 5*p = 11 + 4. What is the greatest common divisor of u and p?
3
Let d(c) = c**3 + 10*c**2 - 5*c - 4. Let t be d(-10). Let z be -6*(-6)/(24/46). Calculate the greatest common divisor of t and z.
23
Let z(y) = y**2 - y - 16. Let c be z(-12). Calculate the greatest common factor of 35 and c.
35
Suppose 2*h + 0*h - 1242 = 0. Let c = 894 - h. Suppose 4*j - c - 431 = 0. What is the highest common factor of 16 and j?
16
Let u(j) = j**2 + 4. Let s be u(3). Calculate the highest common factor of s and 104.
13
Let t(r) = -r + 3. Let z be t(-4). Let o = z + -6. What is the greatest common factor of o and 1?
1
Let r(z) = 3*z**2 + 2*z + 3. Let x be 4/3*(-3)/2. Let f be r(x). Let c be 2/(-8)*-22*2. Calculate the greatest common divisor of f and c.
11
Suppose -24 = 2*t - 6*t. Let x be 95 + t + -4 + 1. Calculate the highest common divisor of x and 14.
14
Suppose -2*n - 4*s = -22, 4*n + 2*s - 35 = 3*s. Calculate the highest common divisor of 9 and n.
9
Let j be 4*28/(12/3). What is the greatest common divisor of 7 and j?
7
Suppose z - 77 = 2*j, z - 25 = -j + 64. What is the greatest common divisor of 34 and z?
17
Let y be (2 + 14/(-6))*-9. Suppose -y*q = h - 3*h - 54, 5*h = 5*q - 95. What is the highest common divisor of 4 and q?
4
Let o = -10 + 23. Suppose 65 = 32*n - 27*n. Calculate the highest common divisor of o and n.
13
Let f(o) = 10*o**2 + 3*o + 6. Let m be f(-2). Calculate the highest common factor of 10 and m.
10
Let d(h) = -h**2 - 11*h. Let q be d(-9). Let w(y) = y**3 - 5*y**2 - 3*y. Let g be w(6). What is the highest common factor of g and q?
18
Suppose -5*y + h = -152, 5*y - 73 = 2*h + 81. Suppose 0*c = 2*d + 2*c - 2, -4*d = c - 10. Suppose -7 - 29 = -d*r. What is the greatest common factor of r and y?
6
Suppose 4*i - 5*s = 23, -7 = -2*i + 2*s + 7. Calculate the highest common factor of i and 12.
12
Let l be ((-7)/(21/(-36)))/2. Let k be -4*((-9)/l)/(-3). Let z be 9/k*(-1 + -1). Calculate the greatest common factor of 9 and z.
9
Let v(q) = -q + 11. Suppose 0 = 2*o + 2*o - 24. Let i be v(o). Suppose i + 59 = 2*u. Calculate the highest common factor of 4 and u.
4
Let n be 3/9 - 38/(-3). Let x = 21 - n. Suppose -3*s - 2*g + 1 = -1, -4*g - 36 = -4*s. What is the greatest common divisor of x and s?
4
Let p = -60 + 126. Let m be (9/(-2))/((-3)/4). Calculate the greatest common divisor of p and m.
6
Let j be 6 - 3/(6/(-4)). Suppose 6 = -k + j. What is the greatest common divisor of k and 4?
2
Suppose -s = -5*v - 0 - 86, s + v = 74. Let w be 1/(-5) - s/(-5). What is the highest common factor of w and 5?
5
Let w be (-4)/6 - 104/(-12). Let a(s) = -6*s - 2*s**2 - s**2 + 3*s**2 + s**2 - 4. Let c be a(w). Calculate the highest common factor of 60 and c.
12
Let s = 37 - 23. Let v be s/6 + 2/3. Let m(g) = -g**3 + 5*g**2 - 2*g - 5. Let k be m(4). Calculate the highest common factor of v and k.
3
Let n(h) be the first derivative of 4*h + 3*h**2 + 2*h**2 - 5 + 4. Let k be n(3). Calculate the greatest common factor of k and 17.
17
Let x be 110/6 - (-16)/24. What is the highest common divisor of 209 and x?
19
Let p be (9/12)/(1/12). What is the greatest common divisor of 63 and p?
9
Suppose -5*i + 0*f - 805 = -5*f, 0 = 3*i + 5*f + 499. Let t = -108 - i. What is the greatest common factor of 5 and t?
5
Suppose y + 4 = -0, 4*u - 2*y - 52 = 0. Calculate the greatest common factor of u and 1.
1
Suppose -5*d + 4 = -4*d. Suppose -y + d*c = 2*c - 50, -4*c + 292 = 5*y. Let v be 20/(-50) + 72/5. What is the greatest common factor of v and y?
14
Let s be (-536)/12 + (-2)/6. Let a be s*(-3)/(-3 + 6). What is the highest common divisor of 15 and a?
15
Suppose 0 = 3*n - 0*n - 36. Let d be (-3)/n - 33/(-4). Let f be (-2)/4 + 148/d. Calculate the greatest common divisor of 18 and f.
18
Suppose 0 = 4*q - 2 - 10. Suppose 2*h - h = -5, -3*c = -4*h - 32. Suppose -15 + 63 = q*n - c*j, 3*j = 0. Calculate the highest common factor of 2 and n.
2
Let n(k) = -k**3 - 6*k**2 + 8*k + 10. Let b be n(-7). Let p be 3*2/b + 30. What is the greatest common factor of 8 and p?
8
Let u(m) = -m**3 - m**2 - m + 107. Let l be u(0). Let i = -68 + l. Let p be (13/(-2))/((-1)/2). What is the greatest common factor of i and p?
13
Let o = 60 + -53. Calculate the greatest common factor of o and 63.
7
Suppose 3*j + 9 = -0*j. Let u = j + 3. Suppose -g + 2*g - 15 = u. Calculate the highest common divisor of g and 165.
15
Let k(y) = -7*y**2 + 13*y - 5. Let c(o) = -3*o**2 + 6*o - 2. Let m(g) = 9*c(g) - 4*k(g). Let z be m(0). Calculate the greatest common divisor of 10 and z.
2
Let d be ((-1 - 1) + 3)*-19. Let h = d + 25. Calculate the greatest common divisor of h and 42.
6
Suppose 4*c + 104 = -28. Let l = 2 + c. Let y = 43 + l. What is the highest common divisor of y and 6?
6
Suppose -86 = -s - 2*a, 177 = 2*s - 0*s - a. Suppose s + 153 = -f. Let m be f/(-5) + 2/(-10). Calculate the highest common divisor of 12 and m.
12
Let c be (-4)/(2 + (-21)/9). Let t(f) = f - 10. Let d be t(c). Calculate the greatest common divisor of d and 5.
1
Let s = -153 - -166. Calculate the greatest common factor of s and 13.
13
Suppose -1 = 6*o - 13. Calculate the greatest common factor of 16 and o.
2
Let z be (-867)/(-34) - (-6)/4. What is the highest common divisor of z and 243?
27
Let o be ((4/(-2))/2)/(2/(-162)). Calculate the highest common divisor of 9 and o.
9
Let r = -619 - -979. Suppose b = -3*b + r. What is the greatest common factor of b and 18?
18
Suppose -2*y = y - 450. Suppose -4*j + y = j. Calculate the greatest common divisor of j and 12.
6
Let p be (2 - (1 + -1)) + 0. Let q be (-1 - (-34)/4)*p. Calculate the highest common factor of 30 and q.
15
Suppose 78 - 122 = -r. Let p be -6*2/(-15)*5. Calculate the highest common factor of p and r.
4
Let x = 0 - 53. Let i = -36 - x. Calculate the greatest common factor of i and 153.
17
Let l = 4 - -10. Calculate the greatest common divisor of 98 and l.
14
Let c be ((-6)/(-2))/6*(3 - -1). Let n = 14 - 9. What is the greatest common factor of n and c?
1
Suppose -6 = 3*s, 3*u + s = -0*s + 46. Suppose 2*y - 160 = -0*y. Calculate the highest common factor of y and u.
16
Let a(n) = -n + 19. Let b be a(14). Suppose 5*j - 62 = -5*v - 2, b*j + v = 44. Let g be 40 + 0 - (-1 - -1). Calculate the g